{"id":170,"date":"2025-10-02T23:49:09","date_gmt":"2025-10-02T23:49:09","guid":{"rendered":"https:\/\/bymusiq.com\/?page_id=170"},"modified":"2026-01-05T18:45:16","modified_gmt":"2026-01-05T18:45:16","slug":"elementor-page-170","status":"publish","type":"page","link":"https:\/\/bymusiq.com\/","title":{"rendered":""},"content":{"rendered":"\t\t<div data-elementor-type=\"wp-page\" data-elementor-id=\"170\" class=\"elementor elementor-170\">\n\t\t\t\t<div class=\"elementor-element elementor-element-fc012a5 e-grid e-con-boxed e-con e-parent\" data-id=\"fc012a5\" data-element_type=\"container\">\n\t\t\t\t\t<div class=\"e-con-inner\">\n\t\t\t\t<div class=\"elementor-element elementor-element-d92542b elementor-invisible elementor-widget elementor-widget-video\" data-id=\"d92542b\" data-element_type=\"widget\" data-settings=\"{&quot;video_type&quot;:&quot;hosted&quot;,&quot;mute&quot;:&quot;yes&quot;,&quot;loop&quot;:&quot;yes&quot;,&quot;_animation&quot;:&quot;fadeIn&quot;,&quot;autoplay&quot;:&quot;yes&quot;}\" data-widget_type=\"video.default\">\n\t\t\t\t\t\t\t<div class=\"e-hosted-video elementor-wrapper elementor-open-inline\">\n\t\t\t\t\t<video class=\"elementor-video\" src=\"https:\/\/bymusiq.com\/wp-content\/uploads\/2025\/10\/group-of-men-with-suit-looking-to-a-main-character-in-the-middle-fronf-looking-to-the-camera-.mp4\" autoplay=\"\" loop=\"\" muted=\"muted\" controlsList=\"nodownload\"><\/video>\n\t\t\t\t<\/div>\n\t\t\t\t\t\t<\/div>\n\t\t\t\t<div class=\"elementor-element elementor-element-9e69120 elementor-invisible elementor-widget elementor-widget-video\" data-id=\"9e69120\" data-element_type=\"widget\" data-settings=\"{&quot;video_type&quot;:&quot;hosted&quot;,&quot;autoplay&quot;:&quot;yes&quot;,&quot;play_on_mobile&quot;:&quot;yes&quot;,&quot;mute&quot;:&quot;yes&quot;,&quot;loop&quot;:&quot;yes&quot;,&quot;_animation&quot;:&quot;fadeIn&quot;}\" data-widget_type=\"video.default\">\n\t\t\t\t\t\t\t<div class=\"e-hosted-video elementor-wrapper elementor-open-inline\">\n\t\t\t\t\t<video class=\"elementor-video\" src=\"https:\/\/bymusiq.com\/wp-content\/uploads\/2025\/10\/NATHY-PELUSO.mp4\" autoplay=\"\" loop=\"\" muted=\"muted\" playsinline=\"\" controlsList=\"nodownload\"><\/video>\n\t\t\t\t<\/div>\n\t\t\t\t\t\t<\/div>\n\t\t\t\t<div class=\"elementor-element elementor-element-9ec5183 elementor-invisible elementor-widget elementor-widget-video\" data-id=\"9ec5183\" data-element_type=\"widget\" data-settings=\"{&quot;video_type&quot;:&quot;hosted&quot;,&quot;autoplay&quot;:&quot;yes&quot;,&quot;play_on_mobile&quot;:&quot;yes&quot;,&quot;mute&quot;:&quot;yes&quot;,&quot;loop&quot;:&quot;yes&quot;,&quot;_animation&quot;:&quot;fadeIn&quot;}\" data-widget_type=\"video.default\">\n\t\t\t\t\t\t\t<div class=\"e-hosted-video elementor-wrapper elementor-open-inline\">\n\t\t\t\t\t<video class=\"elementor-video\" src=\"https:\/\/bymusiq.com\/wp-content\/uploads\/2025\/10\/sunrise-psycodelic-gradient-colorfull-1.mp4\" autoplay=\"\" loop=\"\" muted=\"muted\" playsinline=\"\" controlsList=\"nodownload\"><\/video>\n\t\t\t\t<\/div>\n\t\t\t\t\t\t<\/div>\n\t\t\t\t<div class=\"elementor-element elementor-element-ea76bdf elementor-invisible elementor-widget elementor-widget-video\" data-id=\"ea76bdf\" data-element_type=\"widget\" data-settings=\"{&quot;video_type&quot;:&quot;hosted&quot;,&quot;autoplay&quot;:&quot;yes&quot;,&quot;mute&quot;:&quot;yes&quot;,&quot;loop&quot;:&quot;yes&quot;,&quot;play_on_mobile&quot;:&quot;yes&quot;,&quot;_animation&quot;:&quot;fadeIn&quot;}\" data-widget_type=\"video.default\">\n\t\t\t\t\t\t\t<div class=\"e-hosted-video elementor-wrapper elementor-open-inline\">\n\t\t\t\t\t<video class=\"elementor-video\" src=\"https:\/\/bymusiq.com\/wp-content\/uploads\/2025\/10\/Woman-over-a-star-sign-with-yellow-bulb-with-a-city-in-the-background-with-thunder-and-yellow-light-wind-moving-hair-and-smooth-movement.mp4\" autoplay=\"\" loop=\"\" muted=\"muted\" playsinline=\"\"><\/video>\n\t\t\t\t<\/div>\n\t\t\t\t\t\t<\/div>\n\t\t\t\t<div class=\"elementor-element elementor-element-5638ea8 elementor-invisible elementor-widget elementor-widget-video\" data-id=\"5638ea8\" data-element_type=\"widget\" data-settings=\"{&quot;video_type&quot;:&quot;hosted&quot;,&quot;autoplay&quot;:&quot;yes&quot;,&quot;play_on_mobile&quot;:&quot;yes&quot;,&quot;mute&quot;:&quot;yes&quot;,&quot;loop&quot;:&quot;yes&quot;,&quot;_animation&quot;:&quot;fadeIn&quot;}\" data-widget_type=\"video.default\">\n\t\t\t\t\t\t\t<div class=\"e-hosted-video elementor-wrapper elementor-open-inline\">\n\t\t\t\t\t<video class=\"elementor-video\" src=\"https:\/\/bymusiq.com\/wp-content\/uploads\/2025\/10\/MPEACH_COSAS-BUENAS.mp4\" autoplay=\"\" loop=\"\" muted=\"muted\" playsinline=\"\"><\/video>\n\t\t\t\t<\/div>\n\t\t\t\t\t\t<\/div>\n\t\t\t\t<div class=\"elementor-element elementor-element-b0a3b8a elementor-invisible elementor-widget elementor-widget-video\" data-id=\"b0a3b8a\" data-element_type=\"widget\" data-settings=\"{&quot;video_type&quot;:&quot;hosted&quot;,&quot;autoplay&quot;:&quot;yes&quot;,&quot;mute&quot;:&quot;yes&quot;,&quot;loop&quot;:&quot;yes&quot;,&quot;play_on_mobile&quot;:&quot;yes&quot;,&quot;_animation&quot;:&quot;fadeIn&quot;}\" data-widget_type=\"video.default\">\n\t\t\t\t\t\t\t<div class=\"e-hosted-video elementor-wrapper elementor-open-inline\">\n\t\t\t\t\t<video class=\"elementor-video\" src=\"https:\/\/bymusiq.com\/wp-content\/uploads\/2025\/10\/young-men-sitted-in-deck-bench-port-boat-surrounded-by-water-bird-flight-at-right-moving-water-statig-frame.mp4\" autoplay=\"\" loop=\"\" muted=\"muted\" playsinline=\"\" controlsList=\"nodownload\"><\/video>\n\t\t\t\t<\/div>\n\t\t\t\t\t\t<\/div>\n\t\t\t\t<div class=\"elementor-element elementor-element-063c39a elementor-invisible elementor-widget elementor-widget-video\" data-id=\"063c39a\" data-element_type=\"widget\" data-settings=\"{&quot;video_type&quot;:&quot;hosted&quot;,&quot;autoplay&quot;:&quot;yes&quot;,&quot;play_on_mobile&quot;:&quot;yes&quot;,&quot;mute&quot;:&quot;yes&quot;,&quot;loop&quot;:&quot;yes&quot;,&quot;_animation&quot;:&quot;fadeIn&quot;}\" data-widget_type=\"video.default\">\n\t\t\t\t\t\t\t<div class=\"e-hosted-video elementor-wrapper elementor-open-inline\">\n\t\t\t\t\t<video class=\"elementor-video\" src=\"https:\/\/bymusiq.com\/wp-content\/uploads\/2025\/10\/MANTRA.mp4\" autoplay=\"\" loop=\"\" muted=\"muted\" playsinline=\"\" controlsList=\"nodownload\"><\/video>\n\t\t\t\t<\/div>\n\t\t\t\t\t\t<\/div>\n\t\t\t\t<div class=\"elementor-element elementor-element-0d69272 elementor-invisible elementor-widget elementor-widget-video\" data-id=\"0d69272\" data-element_type=\"widget\" data-settings=\"{&quot;video_type&quot;:&quot;hosted&quot;,&quot;autoplay&quot;:&quot;yes&quot;,&quot;play_on_mobile&quot;:&quot;yes&quot;,&quot;mute&quot;:&quot;yes&quot;,&quot;loop&quot;:&quot;yes&quot;,&quot;_animation&quot;:&quot;fadeIn&quot;}\" data-widget_type=\"video.default\">\n\t\t\t\t\t\t\t<div class=\"e-hosted-video elementor-wrapper elementor-open-inline\">\n\t\t\t\t\t<video class=\"elementor-video\" src=\"https:\/\/bymusiq.com\/wp-content\/uploads\/2025\/10\/Borracho.mp4\" autoplay=\"\" loop=\"\" muted=\"muted\" playsinline=\"\" controlsList=\"nodownload\"><\/video>\n\t\t\t\t<\/div>\n\t\t\t\t\t\t<\/div>\n\t\t\t\t<div class=\"elementor-element elementor-element-235ca64 elementor-invisible elementor-widget elementor-widget-video\" data-id=\"235ca64\" data-element_type=\"widget\" data-settings=\"{&quot;video_type&quot;:&quot;hosted&quot;,&quot;autoplay&quot;:&quot;yes&quot;,&quot;play_on_mobile&quot;:&quot;yes&quot;,&quot;mute&quot;:&quot;yes&quot;,&quot;loop&quot;:&quot;yes&quot;,&quot;_animation&quot;:&quot;fadeIn&quot;}\" data-widget_type=\"video.default\">\n\t\t\t\t\t\t\t<div class=\"e-hosted-video elementor-wrapper elementor-open-inline\">\n\t\t\t\t\t<video class=\"elementor-video\" src=\"https:\/\/bymusiq.com\/wp-content\/uploads\/2025\/10\/a-men-in-front-of-the-camera-with-a-top-light-moving-hair-with-micro-sparkles-remove-text.mp4\" autoplay=\"\" loop=\"\" muted=\"muted\" playsinline=\"\" controlsList=\"nodownload\"><\/video>\n\t\t\t\t<\/div>\n\t\t\t\t\t\t<\/div>\n\t\t\t\t<div class=\"elementor-element elementor-element-faa08d9 elementor-invisible elementor-widget elementor-widget-video\" data-id=\"faa08d9\" data-element_type=\"widget\" data-settings=\"{&quot;video_type&quot;:&quot;hosted&quot;,&quot;autoplay&quot;:&quot;yes&quot;,&quot;play_on_mobile&quot;:&quot;yes&quot;,&quot;mute&quot;:&quot;yes&quot;,&quot;loop&quot;:&quot;yes&quot;,&quot;_animation&quot;:&quot;fadeIn&quot;}\" data-widget_type=\"video.default\">\n\t\t\t\t\t\t\t<div class=\"e-hosted-video elementor-wrapper elementor-open-inline\">\n\t\t\t\t\t<video class=\"elementor-video\" src=\"https:\/\/bymusiq.com\/wp-content\/uploads\/2025\/10\/a-person-with-plane-face-and-tattoos-wearing-tranparent-glasses-wearing-a-blue-hoodie-with-Shining-jewelery-1.mp4\" autoplay=\"\" loop=\"\" muted=\"muted\" playsinline=\"\" controlsList=\"nodownload\"><\/video>\n\t\t\t\t<\/div>\n\t\t\t\t\t\t<\/div>\n\t\t\t\t<div class=\"elementor-element elementor-element-0a5e7a5 elementor-invisible elementor-widget elementor-widget-video\" data-id=\"0a5e7a5\" data-element_type=\"widget\" data-settings=\"{&quot;video_type&quot;:&quot;hosted&quot;,&quot;autoplay&quot;:&quot;yes&quot;,&quot;play_on_mobile&quot;:&quot;yes&quot;,&quot;mute&quot;:&quot;yes&quot;,&quot;loop&quot;:&quot;yes&quot;,&quot;_animation&quot;:&quot;fadeIn&quot;}\" data-widget_type=\"video.default\">\n\t\t\t\t\t\t\t<div class=\"e-hosted-video elementor-wrapper elementor-open-inline\">\n\t\t\t\t\t<video class=\"elementor-video\" src=\"https:\/\/bymusiq.com\/wp-content\/uploads\/2025\/10\/Tuyo-Nama.mp4\" autoplay=\"\" loop=\"\" muted=\"muted\" playsinline=\"\" controlsList=\"nodownload\"><\/video>\n\t\t\t\t<\/div>\n\t\t\t\t\t\t<\/div>\n\t\t\t\t<div class=\"elementor-element elementor-element-2f28664 elementor-invisible elementor-widget elementor-widget-video\" data-id=\"2f28664\" data-element_type=\"widget\" data-settings=\"{&quot;video_type&quot;:&quot;hosted&quot;,&quot;autoplay&quot;:&quot;yes&quot;,&quot;play_on_mobile&quot;:&quot;yes&quot;,&quot;mute&quot;:&quot;yes&quot;,&quot;loop&quot;:&quot;yes&quot;,&quot;_animation&quot;:&quot;fadeIn&quot;}\" data-widget_type=\"video.default\">\n\t\t\t\t\t\t\t<div class=\"e-hosted-video elementor-wrapper elementor-open-inline\">\n\t\t\t\t\t<video class=\"elementor-video\" src=\"https:\/\/bymusiq.com\/wp-content\/uploads\/2025\/10\/Graphic-Angel-with-moving-wings-and-straight-jacket.mp4\" autoplay=\"\" loop=\"\" muted=\"muted\" playsinline=\"\" controlsList=\"nodownload\"><\/video>\n\t\t\t\t<\/div>\n\t\t\t\t\t\t<\/div>\n\t\t\t\t<div class=\"elementor-element elementor-element-25f0c87 elementor-widget elementor-widget-video\" data-id=\"25f0c87\" data-element_type=\"widget\" data-settings=\"{&quot;video_type&quot;:&quot;hosted&quot;,&quot;autoplay&quot;:&quot;yes&quot;,&quot;play_on_mobile&quot;:&quot;yes&quot;,&quot;mute&quot;:&quot;yes&quot;,&quot;loop&quot;:&quot;yes&quot;}\" data-widget_type=\"video.default\">\n\t\t\t\t\t\t\t<div class=\"e-hosted-video elementor-wrapper elementor-open-inline\">\n\t\t\t\t\t<video class=\"elementor-video\" src=\"https:\/\/bymusiq.com\/wp-content\/uploads\/2025\/10\/BLUEROJO-CD.mp4\" autoplay=\"\" loop=\"\" muted=\"muted\" playsinline=\"\" controlsList=\"nodownload\"><\/video>\n\t\t\t\t<\/div>\n\t\t\t\t\t\t<\/div>\n\t\t\t\t<div class=\"elementor-element elementor-element-a3cf80f elementor-widget elementor-widget-video\" data-id=\"a3cf80f\" data-element_type=\"widget\" data-settings=\"{&quot;video_type&quot;:&quot;hosted&quot;,&quot;autoplay&quot;:&quot;yes&quot;,&quot;play_on_mobile&quot;:&quot;yes&quot;,&quot;mute&quot;:&quot;yes&quot;,&quot;loop&quot;:&quot;yes&quot;}\" data-widget_type=\"video.default\">\n\t\t\t\t\t\t\t<div class=\"e-hosted-video elementor-wrapper elementor-open-inline\">\n\t\t\t\t\t<video class=\"elementor-video\" src=\"https:\/\/bymusiq.com\/wp-content\/uploads\/2025\/10\/Guerra-FRIA.mp4\" autoplay=\"\" loop=\"\" muted=\"muted\" playsinline=\"\" controlsList=\"nodownload\"><\/video>\n\t\t\t\t<\/div>\n\t\t\t\t\t\t<\/div>\n\t\t\t\t<div class=\"elementor-element elementor-element-0d22d34 elementor-widget elementor-widget-video\" data-id=\"0d22d34\" data-element_type=\"widget\" data-settings=\"{&quot;video_type&quot;:&quot;hosted&quot;,&quot;autoplay&quot;:&quot;yes&quot;,&quot;play_on_mobile&quot;:&quot;yes&quot;,&quot;mute&quot;:&quot;yes&quot;,&quot;loop&quot;:&quot;yes&quot;,&quot;end&quot;:654}\" data-widget_type=\"video.default\">\n\t\t\t\t\t\t\t<div class=\"e-hosted-video elementor-wrapper elementor-open-inline\">\n\t\t\t\t\t<video class=\"elementor-video\" src=\"https:\/\/bymusiq.com\/wp-content\/uploads\/2025\/10\/SOUCREAM.mp4#t=,654\" autoplay=\"\" loop=\"\" muted=\"muted\" playsinline=\"\" controlsList=\"nodownload\"><\/video>\n\t\t\t\t<\/div>\n\t\t\t\t\t\t<\/div>\n\t\t\t\t<div class=\"elementor-element elementor-element-ac9ce2d elementor-widget elementor-widget-video\" data-id=\"ac9ce2d\" data-element_type=\"widget\" data-settings=\"{&quot;video_type&quot;:&quot;hosted&quot;,&quot;autoplay&quot;:&quot;yes&quot;,&quot;play_on_mobile&quot;:&quot;yes&quot;,&quot;mute&quot;:&quot;yes&quot;,&quot;loop&quot;:&quot;yes&quot;}\" data-widget_type=\"video.default\">\n\t\t\t\t\t\t\t<div class=\"e-hosted-video elementor-wrapper elementor-open-inline\">\n\t\t\t\t\t<video class=\"elementor-video\" src=\"https:\/\/bymusiq.com\/wp-content\/uploads\/2025\/10\/PAULA-CENDEJAS-1.mp4\" autoplay=\"\" loop=\"\" muted=\"muted\" playsinline=\"\" controlsList=\"nodownload\"><\/video>\n\t\t\t\t<\/div>\n\t\t\t\t\t\t<\/div>\n\t\t\t\t<div class=\"elementor-element elementor-element-df02044 elementor-widget elementor-widget-video\" data-id=\"df02044\" data-element_type=\"widget\" data-settings=\"{&quot;video_type&quot;:&quot;hosted&quot;,&quot;autoplay&quot;:&quot;yes&quot;,&quot;play_on_mobile&quot;:&quot;yes&quot;,&quot;mute&quot;:&quot;yes&quot;,&quot;loop&quot;:&quot;yes&quot;}\" data-widget_type=\"video.default\">\n\t\t\t\t\t\t\t<div class=\"e-hosted-video elementor-wrapper elementor-open-inline\">\n\t\t\t\t\t<video class=\"elementor-video\" src=\"https:\/\/bymusiq.com\/wp-content\/uploads\/2025\/10\/ALVARO-DIAZ-1.mp4\" autoplay=\"\" loop=\"\" muted=\"muted\" playsinline=\"\" controlsList=\"nodownload\"><\/video>\n\t\t\t\t<\/div>\n\t\t\t\t\t\t<\/div>\n\t\t\t\t<div class=\"elementor-element elementor-element-f9c0112 elementor-widget elementor-widget-video\" data-id=\"f9c0112\" data-element_type=\"widget\" data-settings=\"{&quot;video_type&quot;:&quot;hosted&quot;,&quot;end&quot;:2,&quot;autoplay&quot;:&quot;yes&quot;,&quot;play_on_mobile&quot;:&quot;yes&quot;,&quot;mute&quot;:&quot;yes&quot;,&quot;loop&quot;:&quot;yes&quot;}\" data-widget_type=\"video.default\">\n\t\t\t\t\t\t\t<div class=\"e-hosted-video elementor-wrapper elementor-open-inline\">\n\t\t\t\t\t<video class=\"elementor-video\" src=\"https:\/\/bymusiq.com\/wp-content\/uploads\/2025\/10\/METH-MATH.mp4#t=,2\" autoplay=\"\" loop=\"\" muted=\"muted\" playsinline=\"\" controlsList=\"nodownload\"><\/video>\n\t\t\t\t<\/div>\n\t\t\t\t\t\t<\/div>\n\t\t\t\t\t<\/div>\n\t\t\t\t<\/div>\n\t\t<div class=\"elementor-element elementor-element-63c23ff e-flex e-con-boxed e-con e-parent\" data-id=\"63c23ff\" data-element_type=\"container\">\n\t\t\t\t\t<div class=\"e-con-inner\">\n\t\t<div class=\"elementor-element elementor-element-40a0069 e-con-full e-flex e-con e-child\" data-id=\"40a0069\" data-element_type=\"container\">\n\t\t\t\t<div class=\"elementor-element elementor-element-af3d18c elementor-widget elementor-widget-heading\" data-id=\"af3d18c\" data-element_type=\"widget\" data-widget_type=\"heading.default\">\n\t\t\t\t\t<h3 class=\"elementor-heading-title elementor-size-default\">\n\n\n\n\n\nMezcla, producci\u00f3n y dise\u00f1o sonoro desde Miami para el mundo.\nSonido art\u00edstico, preciso y emocional, con la colaboraci\u00f3n de IL PARADISO studios y Ricardo Sanguiao en mastering.<\/h3>\t\t\t\t<\/div>\n\t\t\t\t<\/div>\n\t\t<div class=\"elementor-element elementor-element-5b00059 e-con-full e-flex e-con e-child\" data-id=\"5b00059\" data-element_type=\"container\">\n\t\t\t\t<div class=\"elementor-element elementor-element-2dbbca9 elementor-widget__width-initial elementor-widget elementor-widget-html\" data-id=\"2dbbca9\" data-element_type=\"widget\" data-widget_type=\"html.default\">\n\t\t\t\t\t<style>\n@import url('https:\/\/fonts.googleapis.com\/css2?family=Roboto:wght@400;500;700&display=swap');\n\n.muso-card {\n  width: 100%;\n  max-width: 420px;\n  margin: 40px auto;\n  background: linear-gradient(160deg, rgba(0,25,30,0.85), rgba(25,35,45,0.9));\n  backdrop-filter: blur(20px) saturate(180%);\n  border-radius: 30px;\n  padding: 36px 28px;\n  color: #fff;\n  font-family: 'Roboto', sans-serif;\n  box-shadow: 0 10px 40px rgba(0,0,0,0.4);\n  text-align: center;\n  position: relative;\n}\n.muso-card img.pfp {\n  width: 90px;\n  height: 90px;\n  border-radius: 50%;\n  object-fit: cover;\n  margin-bottom: 12px;\n  border: 2px solid rgba(255,255,255,0.15);\n}\n.muso-card h2 {\n  font-weight: 700;\n  margin: 10px 0 2px 0;\n}\n.muso-card p.sub {\n  font-size: 14px;\n  opacity: 0.8;\n  margin-bottom: 24px;\n}\n.muso-card .stats {\n  display: grid;\n  gap: 16px;\n}\n.muso-card .main-stat {\n  background: rgba(255,255,255,0.08);\n  border-radius: 14px;\n  padding: 20px;\n}\n.muso-card .main-stat h1 {\n  font-size: 46px;\n  margin: 0;\n}\n.muso-card .main-stat p {\n  margin: 4px 0;\n  font-size: 15px;\n  opacity: 0.85;\n}\n.muso-card .row {\n  display: flex;\n  justify-content: center;\n  gap: 14px;\n  flex-wrap: wrap;\n}\n.muso-card .mini {\n  background: rgba(255,255,255,0.08);\n  border-radius: 14px;\n  padding: 16px 22px;\n  flex: 1;\n  min-width: 120px;\n}\n.muso-card .mini h3 {\n  margin: 0;\n  font-size: 22px;\n}\n.muso-card .mini p {\n  margin: 2px 0;\n  font-size: 13px;\n  opacity: 0.8;\n}\n<\/style>\n\n<div class=\"muso-card\">\n  <img decoding=\"async\" src=\"https:\/\/bymusiq.com\/wp-content\/uploads\/2025\/10\/1673752D-7D5B-42D2-A33C-B5152BE9B80F.png\" alt=\"Aroldo Contreras\" class=\"pfp\">\n  <h2>Aroldo Contreras<\/h2>\n  <p class=\"sub\">Producer, Engineer, Songwriter \u2022 133 Credits<\/p>\n\n  <div class=\"stats\">\n    <div class=\"main-stat\">\n      <h1>1.8B<\/h1>\n      <p>Streams<\/p>\n      <p style=\"font-size:13px;\">That\u2019s more than <strong>99%<\/strong> of the industry<\/p>\n    <\/div>\n\n    <div class=\"row\">\n      <div class=\"mini\">\n        <h3>6.3B<\/h3>\n        <p>Views<br><small>on 3.9M videos<\/small><\/p>\n      <\/div>\n      <div class=\"mini\">\n        <h3>4.6M<\/h3>\n        <p>Shazams<\/p>\n      <\/div>\n    <\/div>\n  <\/div>\n\n  <p style=\"margin-top:28px;font-size:13px;opacity:0.7;\">\n    Verified on <a href=\"https:\/\/muso.ai\/v1fro\" target=\"_blank\" style=\"color:#62e6c2;text-decoration:none;\">Muso.ai<\/a>\n  <\/p>\n<\/div>\t\t\t\t<\/div>\n\t\t\t\t<\/div>\n\t\t\t\t\t<\/div>\n\t\t\t\t<\/div>\n\t\t<div class=\"elementor-element elementor-element-63e0e7d e-flex e-con-boxed e-con e-parent\" data-id=\"63e0e7d\" data-element_type=\"container\">\n\t\t\t\t\t<div class=\"e-con-inner\">\n\t\t\t\t\t<\/div>\n\t\t\t\t<\/div>\n\t\t\t\t<\/div>\n\t\t","protected":false},"excerpt":{"rendered":"<p>https:\/\/bymusiq.com\/wp-content\/uploads\/2025\/10\/group-of-men-with-suit-looking-to-a-main-character-in-the-middle-fronf-looking-to-the-camera-.mp4https:\/\/bymusiq.com\/wp-content\/uploads\/2025\/10\/NATHY-PELUSO.mp4https:\/\/bymusiq.com\/wp-content\/uploads\/2025\/10\/sunrise-psycodelic-gradient-colorfull-1.mp4https:\/\/bymusiq.com\/wp-content\/uploads\/2025\/10\/Woman-over-a-star-sign-with-yellow-bulb-with-a-city-in-the-background-with-thunder-and-yellow-light-wind-moving-hair-and-smooth-movement.mp4https:\/\/bymusiq.com\/wp-content\/uploads\/2025\/10\/MPEACH_COSAS-BUENAS.mp4https:\/\/bymusiq.com\/wp-content\/uploads\/2025\/10\/young-men-sitted-in-deck-bench-port-boat-surrounded-by-water-bird-flight-at-right-moving-water-statig-frame.mp4https:\/\/bymusiq.com\/wp-content\/uploads\/2025\/10\/MANTRA.mp4https:\/\/bymusiq.com\/wp-content\/uploads\/2025\/10\/Borracho.mp4https:\/\/bymusiq.com\/wp-content\/uploads\/2025\/10\/a-men-in-front-of-the-camera-with-a-top-light-moving-hair-with-micro-sparkles-remove-text.mp4https:\/\/bymusiq.com\/wp-content\/uploads\/2025\/10\/a-person-with-plane-face-and-tattoos-wearing-tranparent-glasses-wearing-a-blue-hoodie-with-Shining-jewelery-1.mp4https:\/\/bymusiq.com\/wp-content\/uploads\/2025\/10\/Tuyo-Nama.mp4https:\/\/bymusiq.com\/wp-content\/uploads\/2025\/10\/Graphic-Angel-with-moving-wings-and-straight-jacket.mp4https:\/\/bymusiq.com\/wp-content\/uploads\/2025\/10\/BLUEROJO-CD.mp4https:\/\/bymusiq.com\/wp-content\/uploads\/2025\/10\/Guerra-FRIA.mp4https:\/\/bymusiq.com\/wp-content\/uploads\/2025\/10\/SOUCREAM.mp4#t=,654https:\/\/bymusiq.com\/wp-content\/uploads\/2025\/10\/PAULA-CENDEJAS-1.mp4https:\/\/bymusiq.com\/wp-content\/uploads\/2025\/10\/ALVARO-DIAZ-1.mp4https:\/\/bymusiq.com\/wp-content\/uploads\/2025\/10\/METH-MATH.mp4#t=,2 Mezcla, producci\u00f3n y dise\u00f1o sonoro desde Miami para el mundo. Sonido art\u00edstico, preciso y emocional, con la colaboraci\u00f3n de IL PARADISO studios y Ricardo Sanguiao en mastering. Aroldo Contreras Producer, Engineer, Songwriter \u2022 133 Credits 1.8B Streams That\u2019s more than 99% of the industry 6.3B Viewson 3.9M videos 4.6M Shazams Verified on Muso.ai<\/p>\n","protected":false},"author":1,"featured_media":0,"parent":0,"menu_order":0,"comment_status":"closed","ping_status":"closed","template":"","meta":{"footnotes":""},"class_list":["post-170","page","type-page","status-publish","hentry"],"_links":{"self":[{"href":"https:\/\/bymusiq.com\/index.php?rest_route=\/wp\/v2\/pages\/170","targetHints":{"allow":["GET"]}}],"collection":[{"href":"https:\/\/bymusiq.com\/index.php?rest_route=\/wp\/v2\/pages"}],"about":[{"href":"https:\/\/bymusiq.com\/index.php?rest_route=\/wp\/v2\/types\/page"}],"author":[{"embeddable":true,"href":"https:\/\/bymusiq.com\/index.php?rest_route=\/wp\/v2\/users\/1"}],"replies":[{"embeddable":true,"href":"https:\/\/bymusiq.com\/index.php?rest_route=%2Fwp%2Fv2%2Fcomments&post=170"}],"version-history":[{"count":5,"href":"https:\/\/bymusiq.com\/index.php?rest_route=\/wp\/v2\/pages\/170\/revisions"}],"predecessor-version":[{"id":379,"href":"https:\/\/bymusiq.com\/index.php?rest_route=\/wp\/v2\/pages\/170\/revisions\/379"}],"wp:attachment":[{"href":"https:\/\/bymusiq.com\/index.php?rest_route=%2Fwp%2Fv2%2Fmedia&parent=170"}],"curies":[{"name":"wp","href":"https:\/\/api.w.org\/{rel}","templated":true}]}}